17).
-27
Let r(c) = -2*c - 18. Determine r(-9).
0
Let h(a) = -a**3 + 4*a**2 + a + 8. Calculate h(5).
-12
Let g(h) = -16*h + 100. Determine g(7).
-12
Let h(t) = -t**3 - 7*t**2 - 5*t - 8. What is h(-6)?
-14
Let t(w) = -w**3 + 5*w**2 + w - 6. Calculate t(5).
-1
Let i(m) = -m**3 + 5*m**2 + 9*m - 5. Determine i(6).
13
Let a(p) = -3*p**2 + 38*p - 13. Determine a(12).
11
Let a(b) = -b**2 + 19*b - 21. Calculate a(18).
-3
Let p(f) = 123*f. Give p(1).
123
Let b(q) = q**2 + 7*q - 27. Calculate b(3).
3
Let m(d) = 6*d**2 + 4*d - 3. Calculate m(1).
7
Let s(o) = o**3 - o**2 - 25. Give s(0).
-25
Let f(d) = d**3 + 3*d**2 + d + 21. Calculate f(-3).
18
Let g(v) = 23*v + 52. Determine g(-2).
6
Let n(l) = l**2 - 21*l + 55. Give n(18).
1
Let m(h) = h**3 + 8*h**2 - 13*h - 11. Determine m(-9).
25
Let h(l) = 3*l**3 + 13*l**2 + 5*l - 3. What is h(-5)?
-78
Let j(x) = 3*x**2 - 9*x - 7. Calculate j(-1).
5
Let y(i) = 2*i**2 + 15*i - 17. Determine y(0).
-17
Let j(h) = h**3 - 13*h**2 + 16*h - 46. Calculate j(12).
2
Let u(l) = 3*l**2 - 7*l + 2. What is u(3)?
8
Let z(r) = -r**2 - 52*r - 143. Give z(-49).
4
Let f(s) = 5*s**3 - 2*s**2 - 4*s. Calculate f(3).
105
Let r(a) = a**2 - 9*a - 11. Calculate r(8).
-19
Let q(g) = 4*g**2 - 4. Determine q(3).
32
Let c(a) = -a**3 + 9*a**2 - 2*a + 24. Calculate c(9).
6
Let m(q) = 10*q - 11. Calculate m(7).
59
Let j(l) = -l**2 - 11*l - 4. Calculate j(-7).
24
Let o(c) = 2*c**3 - 73*c**2 + 33*c + 124. What is o(36)?
16
Let b(q) = q**2 - 5*q + 7. Calculate b(-5).
57
Let z(b) = b**3 + 10*b**2 - 12*b - 14. What is z(-11)?
-3
Let r(q) = q**3 + 46*q**2 + 43*q - 80. Give r(-45).
10
Let c(j) = 3*j**3 + 17*j**2 + 2*j - 9. Give c(-5).
31
Let x(q) = -q**2 + 34. Give x(0).
34
Let v(p) = p**2 + 12*p + 20. Give v(-7).
-15
Let c(a) = -7*a**3 + a - 1. Determine c(1).
-7
Let c(g) = g**2 - 2*g + 6. What is c(7)?
41
Let x(f) = -f**3. Give x(-1).
1
Let t(b) = -b**2 - 6*b + 16. What is t(-11)?
-39
Let s(w) = -2*w**2 + 2*w - 1. What is s(5)?
-41
Let x(i) = i**3 + 30*i**2 + 56*i - 8. Determine x(-28).
-8
Let v(j) = -2*j**2 + 5*j + 7. What is v(3)?
4
Let k(u) = 2*u + 10. What is k(-4)?
2
Let i(a) = 18*a + 136. Give i(-8).
-8
Let n(t) = -29*t - 48. Calculate n(-6).
126
Let n(r) = r**2 - 17*r + 63. What is n(7)?
-7
Let c(v) = 6*v**2 - 84*v - 12. What is c(14)?
-12
Let k(n) = n**3 + 7*n**2 - 4*n - 2. Calculate k(2).
26
Let o(g) = g**3 - 12*g**2 + 5*g - 55. What is o(12)?
5
Let w(v) = -8*v + 7. Determine w(-4).
39
Let t(s) = -s**2 + 20*s + 92. What is t(24)?
-4
Let d(u) = u**3 + 8*u**2 + 3*u + 8. Give d(-8).
-16
Let m(x) = -x**3 + 4*x**2 - 3*x - 5. Calculate m(5).
-45
Let q(c) = c**3 + 10*c**2 + 10*c + 11. What is q(-9)?
2
Let c(i) = i**2 - 13*i - 14. Give c(14).
0
Let u(x) = x**3 - 7*x**2 + 4*x + 4. What is u(6)?
-8
Let f(s) = 12*s - 11. What is f(1)?
1
Let h(l) = -l**3 + 5*l**2 + 7*l - 23. What is h(6)?
-17
Let f(d) = 40*d**2 + 402*d + 17. Determine f(-10).
-3
Let a(r) = -r**3 - 14*r**2 - 20*r + 37. What is a(-12)?
-11
Let b(d) = -d**3 + 10*d**2 - 12*d + 18. Give b(9).
-9
Let q(p) = -2*p**3 + 3*p**2 + 3*p - 1. Determine q(2).
1
Let q(s) = -9*s + 23. Give q(-10).
113
Let u(k) = -9*k - 143. Give u(-16).
1
Let q(b) = -2*b**2 + 17*b - 6. Determine q(3).
27
Let s(x) = -90*x + 90. Calculate s(1).
0
Let c(s) = -4*s**2 + 5*s + 44. Calculate c(6).
-70
Let u(n) = -n**3 - 6*n**2 - 9*n - 22. What is u(-5)?
-2
Let j(t) = -t**3 - 7*t**2 + 16*t + 56. What is j(-9)?
74
Let m(n) = n**2 + 7*n - 13. What is m(-9)?
5
Let j(p) = p**3 + 12*p**2 - 12*p + 28. Calculate j(-13).
15
Let i(l) = -l**3 - 24*l**2 + 5*l + 127. What is i(-24)?
7
Let l(i) = -i**2 + 58*i - 839. What is l(28)?
1
Let c(b) = 6*b**2 + 4*b. Give c(-3).
42
Let u(z) = -z**3 + 99*z**2 - z + 106. What is u(99)?
7
Let b(m) = -m**3 + 9*m**2 - 13. Calculate b(9).
-13
Let z(v) = -4*v**2 - 23*v + 14. Calculate z(-6).
8
Let i(n) = -n**2 - 17*n + 58. What is i(-19)?
20
Let b(t) = t**3 - 10*t**2 + t - 16. What is b(10)?
-6
Let p(g) = 11*g - 13. Give p(6).
53
Let y(c) = -c**2 - 12*c. Determine y(-12).
0
Let x(s) = s**3 - 42*s**2 + 76*s + 81. Determine x(40).
-79
Let b(k) = -k**2 + 40*k - 218. Give b(33).
13
Let u(d) = 3*d**2 - 62*d + 230. Calculate u(5).
-5
Let t(w) = -12*w**2 - 49*w - 1. What is t(-4)?
3
Let j(n) = -20*n + 121. Give j(7).
-19
Let z(p) = p**2 - 2*p - 2. Determine z(-2).
6
Let n(u) = u**2 - 17*u - 1. What is n(17)?
-1
Let c(t) = -t**3 + 11*t**2 + 12*t - 4. Give c(12).
-4
Let n(b) = -12*b - 102. Determine n(-10).
18
Let d(b) = -2*b**2 - 31*b - 52. Determine d(-14).
-10
Let d(u) = -59*u + 9. Give d(1).
-50
Let r(i) = 3*i + 19. What is r(-4)?
7
Let t(n) = 7*n**3 - n + 2. Determine t(1).
8
Let q(s) = -18*s - 1. What is q(1)?
-19
Let s(z) = z**2 + 35*z - 69. Give s(-37).
5
Let p(a) = -6*a - 7. What is p(6)?
-43
Let i(v) = -2*v + 12. Determine i(7).
-2
Let a(l) = 55*l + 1812. What is a(-33)?
-3
Let x(j) = 3*j**2 - 63*j - 28. Determine x(22).
38
Let i(k) = -k**3 - 10*k**2 + k + 5. Calculate i(-10).
-5
Let u(z) = -2*z**3 + 10*z**2 + 7*z + 10. What is u(5)?
45
Let n(z) = z**3 - 13*z**2 - 4*z + 45. Determine n(13).
-7
Let s(d) = -8*d + 12. What is s(-8)?
76
Let j(s) = s**2 + 9*s + 17. Calculate j(-5).
-3
Let y(i) = -6*i + 25. What is y(5)?
-5
Let n(p) = -2*p**2 - 78*p - 80. Determine n(-38).
-4
Let h(o) = o**3 - 80. Calculate h(0).
-80
Let i(w) = w**3 + 17*w**2 - 18*w - 8. Calculate i(-18).
-8
Let f(k) = -3*k**2 + k + 3. Determine f(3).
-21
Let j(x) = 9*x**3 - 2*x**2 - 4*x - 2. Give j(-1).
-9
Let o(q) = -46*q - 3. Determine o(-1).
43
Let j(u) = -u - 2. Calculate j(-1).
-1
Let i(v) = -2*v**2 + 31*v + 19. Give i(14).
61
Let d(v) = v**3 - 2*v**2 - 11*v - 5. Calculate d(5).
15
Let y(u) = -u + 32. What is y(32)?
0
Let t(n) = -n - 8. Calculate t(-9).
1
Let o(c) = -c**2 - 8*c + 12. Calculate o(-5).
27
Let w(h) = -h**2 + 4*h - 13. Give w(8).
-45
Let u(f) = -f**3 - 12*f**2 + 2*f + 17. Give u(-12).
-7
Let m(o) = -o**3 - 2*o**2 - 3. Determine m(2).
-19
Let x(c) = -2*c**2 + 11*c + 59. Calculate x(8).
19
Let p(m) = 27*m + 234. Give p(-9).
-9
Let b(g) = 2*g + 2. Determine b(5).
12
Let v(c) = -c + 10. Calculate v(6).
4
Let q(p) = 5*p + 18. Calculate q(-3).
3
Let g(i) = -2*i**3 - 7*i**2. Determine g(-3).
-9
Let x(n) = -n**3 + 5*n**2 + 23*n - 10. Calculate x(8).
-18
Let a(b) = -3*b - 7. What is a(-6)?
11
Let o(l) = -l**2 + 5*l - 5. Give o(2).
1
Let i(k) = 2*k**2 - 2*k - 1. Give i(4).
23
Let n(g) = 2*g + 7. Calculate n(-8).
-9
Let h(l) = -l**3 - 5*l**2 - 2*l + 7. Calculate h(-3).
-5
Let r(x) = x**3 - 7*x**2 - 32*x + 3. Give r(10).
-17
Let i(d) = 9*d + 15. Give i(-3).
-12
Let a(d) = -d**3 + 14*d**2 + 95*d - 5. Calculate a(19).
-5
Let n(a) = -30*a + 36. Calculate n(6).
-144
Let u(j) = -7*j + 39. Give u(5).
4
Let s(z) = -2*z**2 - 2*z + 30. Calculate s(-6).
-30
Let w(m) = -m**2 + 2*m + 4. Give w(-3).
-11
Let h(o) = 2*o - 8. Calculate h(5).
2
Let y(r) = 6*r**3 - 4*r + 3. Give y(2).
43
Let k(a) = -a**2 - 8*a - 3. Give k(-5).
12
Let q(p) = -p**3 + 4*p**2 + 2*p - 5. Calculate q(2).
7
Let x(i) = 5*i + 8. Determine x(-4).
-12
Let m(n) = 2*n**3 + 14*n**2 - 3*n - 15. Calculate m(-7).
6
Let h(t) = -t**3 - t**2 + 4*t - 4. Give h(-3).
2
Let s(q) = -q**2 - 16*q + 3. Determine s(-16).
3
Let u(s) = s**3 - 6*s**2 + 3*s + 5. What is u(5)?
-5
Let i(a) = a + 21. Calculate i(0).
21
Let h(i) = i**3 - 11*i**2 - 2*i + 23. What is h(11)?
1
Let r(t) = t**2 - 6*t + 1. Determine r(7).
8
Let u(r) = -r**2 + 13*r - 3. What is u(13)?
-3
Let x(z) = z**3 + 8*z**2 + 9. Give x(-8).
9
Let d(m) = m**2 + 8*m - 35. Give d(4).
13
Let m(i) = -3*i - 45. Give m(-14).
-3
Let c(u) = -2*u**2 + 45*u + 71. What is c(24)?
-1
Let k(q) = -5*q**2 - 6. Determine k(4).
-86
Let b(u) = 2*u - 3. Give b(-2).
-7
Let t(x) = 2*x**2 + 69*x + 155. Calculate t(-32).
-5
Let h(l) = -l**3 - 10*l**2 + 75. Calculate h(-9).
-6
Let q(v) = -v**2 + 5*v + 244. Give q(-13).
10
Let h(u) = -2*u + 5. What is h(6)?
-7
Let d(q) = 3*q**2 + 13*q - 23. Give d(-6).
7
Let p(l) = -2*l**2 - 5*l - 4. Determine p(-5).
-29
Let m(p) = -p**3 - 11*p**2 + 12*p - 2. Determine m(-12).
-2
Let a(r) = r**3 - 46*r**2 - 49*r + 76. Give a(47).
-18
Let j(v) = -v**2 - 11*v - 32. Calculate j(-8).
-8
Let n(a) = a**3 + 2*a**2 - 26*a - 6. Determine n(-6).
6
Let c(p) = -p**2 + 2*p + 4. Calculate c(0).
4
Let h(q) = 5*q + 117. Calculate h(-24).
-3
Let t(a) =